0. Let o be m(-11). What is the tens digit of a(o)?
5
Let v(u) = 15*u + 2. Let w be v(2). What is the units digit of (-31 + 3)*w/(-56)?
6
Let n = 1580 - 1409. What is the units digit of n?
1
Suppose 5*y - 31 = -2*b, -2*b = -4*y + 2*b + 8. Let p be 2/(-11) + (-6)/(-33). Suppose 4*v + y*q - 80 = p, 0*q = -4*v + 2*q + 80. What is the units digit of v?
0
Suppose m + 0*m = 0. Suppose m*t = -6*t. Suppose -5*x + 345 = 5*n, -5*x - 2*n + 5*n + 305 = t. What is the tens digit of x?
6
Let n = 748 - 412. Let w = n - 206. What is the hundreds digit of w?
1
Let m be 40/14 + (-5)/(-35). Suppose 0*b + 5*a = -m*b + 143, -41 = -b - 5*a. What is the units digit of b?
1
Suppose 5*t = -23 + 378. Suppose -2*z - 32 = 3*m - 105, -z = 3*m - t. What is the tens digit of m?
2
Let f(i) = -132*i + 107. What is the tens digit of f(-7)?
3
Let r = 2358 - -318. What is the hundreds digit of r?
6
Let o = -1272 + 2290. What is the units digit of o?
8
Let m = 36 - 20. Suppose 2*r + 4*q = 3*q + 11, r - 5*q = -22. Suppose r*y - m = 5. What is the units digit of y?
7
Suppose -3*b - 25 = 2*b. Let g = 12 - -14. Let l = b + g. What is the tens digit of l?
2
Suppose 5 - 12 = c. Let n = 9 + c. Suppose -s - 5*u + 185 = 4*s, n*s = -5*u + 62. What is the tens digit of s?
4
Let b(t) = 70*t**2 + 19*t + 41. What is the tens digit of b(-4)?
8
Suppose -v - 15 = 4*g, v + v + g - 5 = 0. Suppose -5*l + 0*i = -i - 69, 6 = 2*l + v*i. Suppose -133 + l = -5*t. What is the units digit of t?
4
Let l(s) = 2*s**2 - 53*s + 78. Let c be l(25). Let h be (-2 + 1/3)*-3. Suppose 0 = c*g - h*y - 157, 3*y - 134 = -2*g - y. What is the units digit of g?
9
Suppose 99 = 4*b - 149. What is the units digit of b?
2
Let l = 17 + -14. Suppose 0 = l*b - 3 - 3. What is the units digit of (5 + 2)*4/b?
4
Let t = -232 + 338. Let u = 181 - t. What is the units digit of u?
5
What is the units digit of (-4)/(-2) + 0 + (1132 - 42)?
2
Let h be 2/(-9) + (-1 - 94/(-18)). Suppose -h - 79 = -r. What is the tens digit of r?
8
Let z = -1317 + 5578. What is the units digit of z?
1
Suppose -12*o - 4158 = -17*o - v, -2494 = -3*o - v. What is the tens digit of o?
3
Let j be 26/7 - 14/(-49). Suppose 0 = -0*i - j*i + 16. Suppose -2*c + 16 = 2*k + 2*k, 0 = i*k - 5*c + 12. What is the units digit of k?
2
Let p(q) = 26*q**2 + 4*q + 15. What is the units digit of p(-3)?
7
Suppose -4*k = -8*k + 492. What is the hundreds digit of k?
1
Let z(s) = -s**3 - 13*s**2 + 17*s + 4. Let w be z(-14). Let d = w + 114. What is the units digit of d?
6
Let a(o) = -66*o + 3. Let y be a(-1). Suppose 5*g = 4*q - 93, 6*q - 9*q + 3*g = -y. What is the tens digit of q?
2
Let n(k) = 2*k - 2. Let x(s) = -13*s + 26. Let m(z) = 6*n(z) + x(z). Let q(g) = 2*g + 3. Let u be q(4). What is the units digit of m(u)?
3
What is the units digit of (-7 - (-4182)/(-18))*-3?
8
Suppose 0*r - r + 13 = 3*n, -4*n + 65 = 5*r. Suppose -2*m + r = 5. Suppose -m - 7 = -o + v, v = 2*o - 18. What is the units digit of o?
7
Suppose 5*a - 3*n - 16 = -7*n, -2*a - 5*n = -3. Suppose a*y + 2*d + 2*d - 260 = 0, -5*y = 4*d - 328. What is the tens digit of y?
6
Let b be (-2832)/30 - 6/(-15). What is the units digit of ((-6)/(-4) + -2)*b?
7
Let t = 219 - 128. Let r = 154 - t. What is the tens digit of r?
6
Suppose 0 = j - 4*a - 22, 6*j - 3*a - 59 = j. Suppose -7*q - 71 + 162 = 0. Let z = q + j. What is the units digit of z?
3
Let z(a) = -a**2 + 5*a - 2. Let h be z(3). Let b = -19 + 79. Suppose -h*d + 0*d + b = 0. What is the units digit of d?
5
Suppose 4*j + 62 = -3*b, -5*b - 3*j = -j + 80. What is the units digit of 2*-2*21/b?
6
Let z be (4/(-6))/((-4)/30). Suppose 4*x - 98 = -z*r, -5*r - 35 = -2*x + 29. Let f = -19 + x. What is the units digit of f?
8
Suppose -2*n + n = 0. Let z be (n + -19)/(13/(-26)). Suppose -z = -4*i + 74. What is the units digit of i?
8
What is the hundreds digit of (12/(-15))/(3 + 47159/(-15715))?
8
Suppose 6*s = -187 - 95. Let b = s - -34. Let a = b - -22. What is the units digit of a?
9
Let m(p) = -30*p - 394. What is the hundreds digit of m(-17)?
1
Let r(y) = -y**3 - 17*y**2 + 38*y + 21. What is the tens digit of r(-19)?
2
Let k(o) = -o**3 + 33*o**2 - 26*o + 5. What is the hundreds digit of k(16)?
9
Let y(o) = 0*o - 3 + o - 4. Let t be y(12). Suppose 0 = -4*s - 16, 0*n + 5*s = -t*n - 15. What is the units digit of n?
1
Let r be 14/(-35) + 40354/10. Suppose -r = -7*h - 8*h. What is the tens digit of h?
6
Suppose 0 = -f + 6*f + 45. Let p be -15*1*3/f. Suppose 0*n - p*r = -n + 52, -r = 3*n - 156. What is the units digit of n?
2
Suppose 3*r = 6*r - 2736. Suppose 5*u + 112 = r. What is the tens digit of u?
6
Suppose -1351 = -n - 3*a, 0 = -3*n - 3*a - 893 + 4940. What is the hundreds digit of n?
3
Let j = 25 - 23. Suppose -j*g - z = -2, g + 3*z - 4 = 2. Suppose g = 14*a - 9*a - 105. What is the tens digit of a?
2
Let c(w) be the second derivative of w**4/12 - 4*w**3/3 + 13*w**2/2 - 11*w. Let z be c(6). Let y(u) = 26*u. What is the units digit of y(z)?
6
Suppose -g = 5*a - 3 + 14, -12 = 4*a. Suppose -g = 5*n + 1. What is the units digit of (5 - -8)*(2 + n)?
3
Suppose -11*v + 5538 = 2*v. What is the units digit of v?
6
Let f(p) = 4 - 8 - p + 6*p - 9. Let v(a) = a**2 + 10*a + 2. Let b be v(-11). What is the tens digit of f(b)?
5
Let n(v) = -v**2 - 12*v - 10. Let y be n(-9). Let t = y - 13. Suppose t*m + 296 = 4*q, -4*q + 2*q = 3*m - 153. What is the units digit of q?
5
Let c = -16 - -19. Suppose 358 = 2*l + 2*y, 0*l + c*y = -l + 169. What is the tens digit of l?
8
Let m(x) = -x**3 + 4*x**2 + 3*x - 9. Let k be m(4). Suppose -3 = r - k*i, -3*r + i - 8 = -23. What is the units digit of r?
6
Let w(h) = -h**2 - 5. Let q be w(0). Let v be ((-9)/5)/(117/(-390)). What is the units digit of q/(-10) + 33/v?
6
Let x = -311 + 577. What is the units digit of x?
6
Let i(x) be the first derivative of 9*x**2/2 - 6*x - 8. Let k be i(4). Let s = -7 + k. What is the tens digit of s?
2
Suppose 3*y = y - 6. Let z be (-8)/y*(-6)/(-8). Suppose 2*p - 29 = p + z*r, 2*p = -5*r + 103. What is the units digit of p?
9
Suppose 3*f + f + o = 3, 25 = -5*o. Let a = -64 - -64. Suppose a*n + 4*h = -f*n + 54, -2 = -2*h. What is the units digit of n?
5
Suppose 3*g + 30 = 4*g + 3*p, -5*g = -5*p - 230. Let c be ((-2)/6)/((-2)/g). Let l(m) = m - 1. What is the units digit of l(c)?
6
Suppose 0*k + 2*k - 6 = 0, 0 = 5*w + 4*k - 162. Suppose 10 - w = -4*d. Let h(q) = 3*q**2 - 12*q. What is the tens digit of h(d)?
1
Let r(y) = 10*y + 1. Let o(h) = -20*h - 3. Let q(u) = 4*o(u) + 9*r(u). What is the tens digit of q(3)?
2
Suppose -2*t - n = 2*t + 47, -t = -4*n + 16. What is the tens digit of (-1)/(9/t + 323/436)?
0
What is the thousands digit of 885/(((-255)/20)/(-17))?
1
Let u(j) = 2 + 4 - j + 4. Let r be u(8). Suppose -2*c - r*c = -4. What is the units digit of c?
1
Let i = 4372 - 2226. What is the units digit of i?
6
Let g be 1/((-3)/(-18) - 0). Let t = 1 - 3. What is the tens digit of 124/g + t/(-6)?
2
What is the thousands digit of (554/(-3))/(8/(-120))?
2
Suppose 185*b - 199*b + 34468 = 0. What is the thousands digit of b?
2
Let o(y) = -y**2 + y - 1. Let k be o(0). Let w be 8/1 - (k + 2). What is the tens digit of 4/14 - (-418)/w?
6
Suppose -3*h - 8 = 2*w, -3*w - 2*h = -w + 12. Let c(i) = i**3 + 15*i**2 + 14*i - 13. What is the tens digit of c(w)?
4
Let c = 6 - 1. Suppose j - 2*r - 1 = 0, -c*j = r + 4 + 13. What is the tens digit of 24/(-3)*(j + 1)?
1
Suppose q + q - 1612 = -5*o, -4*o + 1285 = -3*q. What is the hundreds digit of o?
3
Let x(n) = -3*n - 7. Let g be x(-8). Suppose 2*k = k - g. What is the tens digit of -2*(-2 + k + 1)?
3
Let s = 81 + -19. Suppose 5*x = 3*o + 289, -o - s - 109 = -3*x. What is the tens digit of x?
5
Suppose 5*k + 20 = 6*k. Let y = k - 18. Suppose 0 = y*z - 4, -22 = -2*g + 2*z - 4. What is the units digit of g?
1
Suppose -16367 = -3*q + 4*n, -3*n = 2*q - 7467 - 3450. What is the tens digit of q?
5
Let n = 662 + -417. Suppose 0 = 2*p - 3*z - n, 3*p + 0*p = 2*z + 355. What is the units digit of p?
5
Suppose -4*p + 4*h = -176, -p + 4*p - 112 = -2*h. Let b = p + -35. What is the units digit of b?
5
Suppose 8*d = 4*d - 84. Let h = -23 - d. What is the units digit of (h - 45/12)*-4?
3
Suppose -127*i + 141*i - 27300 = 0. What is the hundreds digit of i?
9
Let s(o) = -o**2 + 6*o - 6. Let k be s(6). Let l